o base 16.
-bb60c
What is 1aa333 (base 15) in base 13?
3669b7
Convert 110010100100000001101 (base 2) to base 4.
12110200031
45751 (base 15) to base 12
a7aaa
What is -61200 (base 10) in base 4?
-32330100
What is -1788aaa (base 12) in base 5?
-2224042330
Convert -13700 (base 10) to base 13.
-630b
Convert 311121100121 (base 4) to base 16.
d59419
-12010020112 (base 3) to base 8
-304652
Convert 73820 (base 11) to base 7.
625216
Convert -57310746 (base 8) to base 6.
-1122140530
Convert -1c7bb4 (base 13) to base 6.
-23402054
What is -89c8 (base 13) in base 10?
-19261
What is -15422 (base 6) in base 9?
-3425
7772204 (base 8) to base 13
5842a3
-7594a (base 11) to base 9
-177248
Convert 149039 (base 10) to base 3.
21120102222
What is -414940 (base 11) in base 4?
-2202123112
What is -1036281 (base 9) in base 4?
-2013223111
-44a38 (base 11) to base 5
-4041024
-20a1b78 (base 13) to base 9
-20634673
10236514 (base 7) to base 4
3103211302
What is 26789 (base 11) in base 9?
57367
What is 20031300 (base 4) in base 10?
33648
Convert -321120033 (base 4) to base 9.
-387346
What is 10084b7 (base 13) in base 10?
4845211
-146586a (base 11) to base 15
-34915a
What is -a45ce (base 15) in base 14?
-d7c73
Convert a02a2 (base 12) to base 9.
346005
Convert 249b2 (base 15) to base 10.
116942
-2410434 (base 9) to base 11
-812238
What is 10b132a (base 13) in base 2?
10011100111110010101000
What is 7a0cb2 (base 13) in base 16?
2c0cb2
What is 4d90 (base 14) in base 7?
54540
What is 45122 (base 7) in base 8?
26170
14426228 (base 9) to base 7
114611153
Convert -37138 (base 9) to base 4.
-12011012
1000010010000000000 (base 2) to base 15
5560a
Convert 222000122011 (base 3) to base 4.
1331003131
143720 (base 10) to base 16
23168
15005023 (base 7) to base 10
1413520
What is -6c2b7 (base 13) in base 4?
-300121022
-26730 (base 15) to base 5
-12414440
220972 (base 11) to base 5
42240202
110111010000011001001 (base 2) to base 3
10101222201111
What is 10011000011011010011 (base 2) in base 3?
1011201102200
Convert -213123213 (base 5) to base 10.
-911058
-16dd5d (base 15) to base 11
-698a73
What is 323121523 (base 6) in base 3?
101211002210020
1645134 (base 9) to base 6
31343304
1b1339 (base 12) to base 16
74f9d
1ad71 (base 15) to base 11
5a740
-114152 (base 9) to base 10
-68654
Convert -61330611 (base 7) to base 14.
-972a41
22101120010120 (base 3) to base 5
2120200024
What is 95256 (base 11) in base 13?
4b1b4
-c0a4 (base 15) to base 9
-61681
Convert 61229 (base 13) to base 9.
284532
-6a647c (base 14) to base 9
-6740274
-1101010111011000010001 (base 2) to base 11
-1a83371
What is 66a427 (base 15) in base 6?
252524331
Convert -10310 (base 11) to base 14.
-5687
6ca9a3 (base 13) to base 10
2594114
What is 1156676 (base 8) in base 7?
2465524
Convert -f41ac1 (base 16) to base 5.
-13043411013
ced43 (base 16) to base 6
30054031
2211565 (base 9) to base 7
13050461
What is 455643 (base 9) in base 13?
97452
2890c6 (base 14) to base 15
1cc216
What is -101102121101122 (base 3) in base 11?
-3146497
-3353303 (base 7) to base 10
-416552
-122011212221 (base 3) to base 5
-41310143
What is 1414113344 (base 5) in base 14?
6b3dc6
312024223 (base 5) to base 11
7a6a91
-210313201 (base 4) to base 10
-151009
What is 221031031 (base 4) in base 9?
276464
What is 10006d (base 14) in base 5?
114203141
-1314423 (base 6) to base 12
-35a13
3121013010 (base 4) to base 14
192124
What is -b6aa (base 15) in base 12?
-1a437
302748 (base 10) to base 13
a7a54
What is -10101110110011011 (base 2) in base 5?
-10330444
14132213 (base 5) to base 6
3043341
454142 (base 12) to base 2
100001110000011000010
134cb (base 13) to base 8
106233
Convert 2a068 (base 13) to base 11.
54540
Convert 264de (base 15) to base 2.
11101111011110001
Convert aa8c3 (base 16) to base 11.
437928
What is 233213331 (base 4) in base 3?
100220120210
Convert -660435 (base 7) to base 2.
-11100001100001110
Convert 211802 (base 10) to base 13.
75536
What is -27a8a4a (base 12) in base 10?
-7936474
Convert 30431 (base 16) to base 5.
22311211
22567 (base 8) to base 11
722a
Convert -376752 (base 8) to base 10.
-130538
What is -50c77 (base 13) in base 3?
-21100210211
What is -11120120001022 (base 3) in base 10?
-2431979
1141410 (base 7) to base 6
3033250
-1163226 (base 11) to base 7
-23131656
What is 5623246 (base 9) in base 7?
34505052
-284a29 (base 15) to base 10
-1939539
-1132143103 (base 5) to base 9
-4825583
Convert -11989c (base 13) to base 9.
-711577
Convert -104891 (base 11) to base 7.
-1265113
-7126e (base 15) to base 12
-153428
What is -1784560 (base 11) in base 9?
-5615413
Convert -184171 (base 9) to base 16.
-1bfa6
Convert -1d62 (base 14) to base 7.
-21452
What is -24bb0 (base 15) in base 6?
-2303250
854896 (base 13) to base 3
12212200111221
Convert 1002000010 (base 3) to base 10.
21144
What is 10522525 (base 6) in base 15?
65642
-10203121330 (base 4) to base 14
-230dac
-2012222002 (base 3) to base 7
-241310
What is 1213134 (base 6) in base 8?
175322
133212044 (base 5) to base 8
2456160
1131546 (base 7) to base 5
14023111
Convert 11673 (base 10) to base 13.
540c
Convert -116403 (base 10) to base 12.
-57443
444142 (base 9) to base 8
1006403
-24256425 (base 7) to base 15
-2cb9b9
What is 2263171 (base 9) in base 4?
10222200112
-10443a8 (base 11) to base 13
-4c3865
What is -195b12 (base 13) in base 15?
-c9ebb
What is 16403411 (base 7) in base 3?
10000011220102
Convert 2038743 (base 12) to base 15.
7e74a9
353135 (base 8) to base 16
1d65d
-166084 (base 9) to base 4
-121013101
Convert -1465613 (base 7) to base 5.
-22420202
-3010303 (base 5) to base 16
-b9da
-4bb670 (base 12) to base 4
-10233203310
Convert -51034554 (base 7) to base 3.
-21222121222110
32202211200 (base 4) to base 6
213410400
-157a15 (base 11) to base 14
-652d9
Convert -150a804 (base 14) to base 7.
-153050404
11001011101011100111111 (base 2) to base 13
14c8b70
Convert -16e76 (base 15) to base 12.
-36aa0
Convert 47e98c (base 16) to base 7.
55026033
What is -960e (base 16) in base 5?
-2212124
8922848 (base 10) to base 6
515125252
What is 46600044 (base 7) in base 11?
2351108
What is 1211424011 (base 5) in base 6?
140531101
Convert 4b490 (base 12) to base 7.
605142
Convert 131483 (base 15) to base 2.
11011111100011000000
-81433 (base 11) to base 13
-42203
-16429358 (base 10) to base 11
-9301690
What is 132312434 (base 5) in base 6?
22142111
What is 20221 (base 5) in base 4?
110133
What is -1000001000000111100 (base 2) in base 12?
-10a138
Convert -1271375 (base 8) to base 10.
-357117
Convert -40450561 (base 7) to base 4.
-30313221331
Convert 121433465 (base 7) to base 12.
266921b
Convert a997c8 (base 13) to base 3.
21111202202111
Convert -1234246 (base 9) to base 8.
-2441126
What is 33044 (base 11) in base 2?
1011101101011100
What is 40511315 (base 6) in base 9?
2157512
201021001002120 (base 3) to base 11
5861477
What is -11102312303 (base 4) in base 5?
-323403310
Convert 333aae (base 16) to base 9.
6276377
Convert cc46 (base 15) to base 8.
124402
Convert -563181 (base 10) to base 8.
-2113755
-1201111101112 (base 3) to base 6
-31340535
Convert -26115504 (base 7) to base 10.
-2374152
-513111430 (base 6) to base 16
-86b22a
What is 33bac (base 13) in base 11?
64915
Convert -302301000 (base 4) to base 7.
-1524141
Convert -35335032 (base 8) to base 6.
-433211122
-76298 (base 12) to base 14
-40b76
Convert -203001 (base 9) to base 4.
-131113132
Convert -d06ce (base 16) to base 11.
-533450
a3c15d (base 15) to base 9
15576877
-1416055 (base 7) to base 13
-68275
Convert -4713077 (base 8) to base 15.
-1a5517
What is 112543514 (base 6) in base 3?
10221120121001
-3654802 (base 9) to base 15
-293228
What is 441262 (base 8) in base 6?
3101510
What is -4146603 (base 7) in base 11?
-3111a6
Convert -4053565 (base 7) to base 2.
-1110110001001010010
What is -1343420 (base 7) in base 8?
-535341
-111100101111010100 (base 2) to base 3
-110122021101
1358028 (base 9) to base 7
6231401
What is 1115999 (base 12) in base 9?
6126510
-8095757 (base 10) to base 5
-4033031012
781716 (base 9) to base 4
1302003012
Convert -22723666 (base 8) to base 15.
-67e124
-21bb56 (base 13) to base 15
-10b349
What is 3deabf (base 16) in base 15?
552496
What is -12212121200 (base 3) in base 7?
-661056
What is -80183 (base 10) in base 3?
-1100122